0200?
-10200231
In base 5, what is -4334122211 - 1?
-4334122212
In base 3, what is -122111220021222 + 22?
-122111220021200
In base 12, what is 13 + -189406?
-1893b3
In base 3, what is 10201102111122010 + 1?
10201102111122011
In base 14, what is 1264 + 5c8dc?
5db62
In base 9, what is -8556 - -5630?
-2826
In base 9, what is -74685832 - 53?
-74685885
In base 8, what is -1036 + 1472242?
1471204
In base 2, what is 101011000010000001110 - -101000?
101011000010000110110
In base 6, what is -1 - -43013335234?
43013335233
In base 16, what is 2 + 8cd4b4?
8cd4b6
In base 6, what is -2 - 332103422?
-332103424
In base 9, what is -107742 - 670?
-108522
In base 12, what is 2 + -31a8b32?
-31a8b30
In base 14, what is 6 - -1910d9a?
1910da2
In base 9, what is -272682552 + 5?
-272682546
In base 2, what is 100011011000 - -11001101101?
111101000101
In base 8, what is 11 - 456512?
-456501
In base 3, what is 2201 + 211000102120?
211000112021
In base 16, what is 1b78867a + -4?
1b788676
In base 14, what is -1022d + 275?
-dd98
In base 11, what is 14 + 4a573a?
4a5753
In base 9, what is -24 + -810342?
-810366
In base 6, what is -23554153 + 24?
-23554125
In base 13, what is -3b - -71148b0?
7114872
In base 11, what is 1a3 + 84260?
84453
In base 2, what is -1011000000000100 - 101001110?
-1011000101010010
In base 9, what is -3200355 - 3?
-3200358
In base 16, what is 5 - acc39e3?
-acc39de
In base 4, what is 12032000133031 - 11?
12032000133020
In base 13, what is -5 + -c88170?
-c88175
In base 9, what is 5140 - 1206?
3833
In base 8, what is -233 + 112725?
112472
In base 12, what is -290765a9 - a?
-290765b7
In base 15, what is -34 + -11a62a?
-11a65e
In base 15, what is -58a8 + -543?
-5deb
In base 9, what is 4426253 + -356?
4425786
In base 2, what is 110110010001101000010011000 - 10?
110110010001101000010010110
In base 13, what is -20386 - c2a?
-212b3
In base 6, what is 324051 + -31?
324020
In base 9, what is -10332 + -21465?
-31807
In base 9, what is -4343282 - 178?
-4343471
In base 2, what is 11100011010011101100 - -100111111?
11100011011000101011
In base 13, what is 279 - 2374?
-20c8
In base 3, what is 1010111211222202 + 1?
1010111211222210
In base 12, what is 203 + 6032?
6235
In base 14, what is 38 - 42151d?
-4214c5
In base 7, what is 635 - 113062?
-112124
In base 5, what is -4132 - -1200331?
1141144
In base 14, what is -19 - -abd5?
abba
In base 8, what is -4306 - 1765?
-6273
In base 8, what is 344 - -3100457?
3101023
In base 10, what is -49 - 161928?
-161977
In base 9, what is -3 - 75072645?
-75072648
In base 2, what is 1000010111000011 - -1000001010?
1000011111001101
In base 7, what is -1132442 - -265?
-1132144
In base 14, what is 314d - -acb?
3c3a
In base 8, what is 5161351 - -130?
5161501
In base 7, what is -6 - -6410236655?
6410236646
In base 10, what is 2042055 - 11?
2042044
In base 6, what is 2 + 122450133?
122450135
In base 9, what is 42887471 + -2?
42887468
In base 11, what is -8988 + 1902?
-7086
In base 4, what is 1200331032 - 30?
1200331002
In base 15, what is -1420b1 - -b3?
-141eed
In base 3, what is -11112222 - 2020021121?
-2101211120
In base 13, what is -3a9c + -722c?
-accb
In base 12, what is -a2 - -a0030?
9bb4a
In base 8, what is 733025 - 1030?
731775
In base 4, what is 12 - -133001002200?
133001002212
In base 7, what is -4 + 2362101624?
2362101620
In base 10, what is -13 - -159290?
159277
In base 2, what is 110010100010010 + 1101011111?
110100001110001
In base 2, what is -1010 + 111101000001111000110?
111101000001110111100
In base 2, what is 1110111001101100001101 - -1?
1110111001101100001110
In base 7, what is -25 + -3314232?
-3314260
In base 8, what is -25774 + -125013?
-153007
In base 9, what is -248286250 - 4?
-248286254
In base 11, what is -3086 + -11121?
-141a7
In base 16, what is -9ce6 + -c039?
-15d1f
In base 13, what is 1281 - 425c?
-2cab
In base 11, what is -284515a + 7?
-2845153
In base 13, what is 10a - 29960?
-29853
In base 5, what is 112440144 + -21?
112440123
In base 10, what is -5585 + -7046?
-12631
In base 2, what is -11 + -10001011111110100111111101?
-10001011111110101000000000
In base 13, what is b32 - 55911?
-54aac
In base 13, what is -6c88 + 988?
-6300
In base 6, what is -1242543514 - 0?
-1242543514
In base 6, what is 14 - -5432145353?
5432145411
In base 9, what is 51602 + 478?
52181
In base 12, what is 6 - 2180843?
-2180839
In base 9, what is 2876115 + 3?
2876118
In base 6, what is 54134055 - 12?
54134043
In base 14, what is 1a320b - 44?
1a31a7
In base 4, what is 1 - -1120133013023?
1120133013030
In base 8, what is -65322 - -2537?
-62563
In base 14, what is -4858468 + -3?
-485846b
In base 9, what is 5128548 + 33?
5128582
In base 13, what is -7 + -3a0925?
-3a092c
In base 7, what is -405206 - -30040?
-345136
In base 3, what is 1001 - 120102012201200?
-120102012200122
In base 7, what is -21121 - -3520?
-14301
In base 9, what is -11372 + -111?
-11483
In base 14, what is 780 + -a1?
6bd
In base 10, what is -26562 + -30?
-26592
In base 8, what is 1642243 + -4?
1642237
In base 11, what is -1a9 - 1972a?
-19928
In base 3, what is -1011011002020 + -1012?
-1011011010102
In base 6, what is 33544224251 + -10?
33544224241
In base 3, what is 1000 - -100102010212201?
100102010220201
In base 3, what is 10 - 22102100110212?
-22102100110202
In base 2, what is -100001010110101111111110 + -100?
-100001010110110000000010
In base 16, what is e3e333 - 1?
e3e332
In base 4, what is 12103100 - 10230?
12032210
In base 13, what is c99c85 - 5?
c99c80
In base 16, what is -245698a - 3?
-245698d
In base 10, what is 91528 + -258?
91270
In base 14, what is 1317b56 + 5?
1317b5b
In base 14, what is 6 - 166dc3?
-166dbb
In base 13, what is 7160a + -7?
71603
In base 9, what is 5 - -44536536?
44536542
In base 13, what is b4a3997 - -5?
b4a399c
In base 3, what is -1112120 + -102002211?
-110122101
In base 6, what is 513 + 1225540?
1230453
In base 12, what is -756 - 43357?
-43ab1
In base 15, what is -d5d - -b508?
a69a
In base 6, what is -1211 - 233223?
-234434
In base 3, what is 202 - 11212111100020?
-11212111022111
In base 14, what is -15baa77 + 1?
-15baa76
In base 8, what is -131053302 + 0?
-131053302
In base 14, what is 6 + 69241c?
692424
In base 8, what is -5 + -50344767?
-50344774
In base 13, what is -1c33 + -2b7?
-221a
In base 9, what is -12 + -17821208?
-17821221
In base 16, what is 137d9 + -d8?
13701
In base 16, what is 9d413 + 2ee?
9d701
In base 8, what is -3342 + 73?
-3247
In base 10, what is -10 + 1053987?
1053977
In base 6, what is -100235 - 1044550?
-1145225
In base 8, what is -1174212502 - -4?
-1174212476
In base 14, what is 97 - 6bd54?
-6bc9b
In base 14, what is -5912a - 17?
-59143
In base 12, what is -2397 - 17289?
-19664
In base 8, what is 1026333 - -1657?
1030212
In base 2, what is -101100011110 + 10010101100110101?
10010000000010111
In base 2, what is -10001011001111 + 1011010110000?
-110000011111
In base 13, what is 5688c + 19?
568a8
In base 11, what is -2705 + -1522?
-4127
In base 8, what is 225705 - -53?
225760
In base 10, what is -212988 + 516?
-212472
In base 13, what is -2108 + 2a8?
-1b30
In base 12, what is -20ab4 + -91?
-20b85
In base 7, what is -41304 - 1225?
-42532
In base 13, what is -1174cb7 + 5?
-1174cb2
In base 3, what is 222 - -21221002101102?
21221002102101
In base 12, what is 52020 + -919?
51303
In base 2, what is -1000 + 11001100101101101110101?
11001100101101101101101
In base 6, what is -24451 + -33244?
-102135
In base 8, what is -5 + 4714636?
4714631
In base 5, what is 2410 - -13413042?
13421002
In base 6, what is -4 - -531023022?
531023014
In base 9, what is 53103624 + -21?
53103603
In base 8, what is 116450 + 605?
117255
In base 11, what is -6 + 10436?
10430
In base 10, what is 12651 + -1014?
11637
In base 9, what is 102220 - -5028?
107248
In base 9, what is 34218 - -40054?
74273
In base 6, what is 452300432 - 5?
452300423
In base 9, what is 48888 + 2433?
52432
In base 10, what is 2 + -25333261?
-25333259
In base 7, what is -233 - 3650432?
-3650665
In base 6, what is -14505405 - -144?
-14505221
In base 14, what is 61ba74 - 25?
61ba4d
In base 12, what is 14 - -5478a48?
5478a60
In base 14, what is -d1 - -362cb?
361da
In base 2, what is -101000110101 + -1101001011000?
-10010010001101
In base 12, what is 343a967 + 11?
343a978
In base 2, what is 